{"id":13,"date":"2006-11-19T16:42:56","date_gmt":"2006-11-19T19:42:56","guid":{"rendered":"http:\/\/www.liberaobadaro.com.br\/blob\/?page_id=13"},"modified":"2016-11-30T14:10:25","modified_gmt":"2016-11-30T17:10:25","slug":"clipping","status":"publish","type":"page","link":"https:\/\/www.liberaobadaro.com.br\/blob\/?page_id=13","title":{"rendered":"clipping"},"content":{"rendered":"<p>Quem est\u00e1 falando do Libera o Badar\u00f3 (mesmo que n\u00e3o saiba)?<\/p>\n<ul>\n<li><strong> <\/strong><a title=\"Desciclopedia\" href=\"http:\/\/desciclo.pedia.ws\/wiki\/Jesus_Neg%C3%A3o\" target=\"_blank\"><strong>Jesus Neg\u00e3o na Desciclop\u00e9dia<\/strong><\/a><\/li>\n<\/ul>\n<ul>\n<li><a title=\"Podcasting\" href=\"http:\/\/www.podbr.com\/podcult\/sompraviagem\/libera-o-badaro-sem-comentarios\/\" target=\"_blank\"><strong>Entrevista de Pedro B\u00f3 e Frank Sinistro para o PodCasting Brasil<\/strong><\/a><\/li>\n<\/ul>\n<ul>\n<li><strong>V\u00eddeo ap\u00f3crifo de Nipon, Nipon<\/strong><br \/>\n[youtube]_9mXcAA-v6g[\/youtube]<\/li>\n<\/ul>\n<ul>\n<li><strong>V\u00eddeo ap\u00f3crifo de Jesus Neg\u00e3o I<\/strong><br \/>\n[youtube]QZCavb2zo8I[\/youtube]<\/li>\n<\/ul>\n<ul>\n<li><strong>V\u00eddeo ap\u00f3crifo de Jesus Neg\u00e3o II<\/strong><br \/>\n[youtube]z8S-WLTx4kM[\/youtube]<\/li>\n<\/ul>\n<ul>\n<li><strong>V\u00eddeo ap\u00f3crifo de Jesus Neg\u00e3o III<\/strong><br \/>\n[youtube]sWLw7Tu3Urw[\/youtube]<\/li>\n<\/ul>\n<ul>\n<li><strong>V\u00eddeo ap\u00f3crifo de Jesus Neg\u00e3o IV<\/strong><br \/>\n[youtube]L91dJSZjLpc[\/youtube]<\/li>\n<\/ul>\n<ul>\n<li><strong>V\u00eddeo ap\u00f3crifo de Jesus Neg\u00e3o V<\/strong><br \/>\n[youtube]qx2s-akKsk4[\/youtube]<\/li>\n<\/ul>\n<ul>\n<li><strong>V\u00eddeo ap\u00f3crifo de Jesus Neg\u00e3o VI<\/strong><br \/>\n[youtube]HSe_KUBrqrc[\/youtube]<\/li>\n<\/ul>\n<ul>\n<li><strong>V\u00eddeo ap\u00f3crifo de Jesus Neg\u00e3o VII<\/strong><br \/>\n[youtube]wqv9G3PgpVI[\/youtube]<\/li>\n<\/ul>\n<ul>\n<li><strong>V\u00eddeo ap\u00f3crifo de Jesus Neg\u00e3o VIII<\/strong><br \/>\n[youtube]DkhKY1kzL9I[\/youtube]<\/li>\n<li><strong>V\u00eddeo ap\u00f3crifo de Jesus Neg\u00e3o IX<\/strong><br \/>\n[youtube]http:\/\/www.youtube.com\/watch?v=LeyBgOin9JI[\/youtube]<\/li>\n<\/ul>\n<ul>\n<li><strong>V\u00eddeo ap\u00f3crifo de Jesus Neg\u00e3o X<\/strong><br \/>\n[youtube]http:\/\/www.youtube.com\/watch?v=-mxFf1fGqwc&amp;feature=sdig&amp;et=1253856482.73[\/youtube]<\/li>\n<\/ul>\n<ul>\n<li><strong>V\u00eddeo ap\u00f3crifo de Jesus Neg\u00e3o XI<\/strong><br \/>\n[youtube]http:\/\/www.youtube.com\/watch?v=cvXWpeg-HEQ&amp;feature=sdig&amp;et=1253856482.73[\/youtube]<\/li>\n<\/ul>\n","protected":false},"excerpt":{"rendered":"<p>Quem est\u00e1 falando do Libera o Badar\u00f3 (mesmo que n\u00e3o saiba)? Jesus Neg\u00e3o na Desciclop\u00e9dia Entrevista de Pedro B\u00f3 e Frank Sinistro para o PodCasting Brasil V\u00eddeo ap\u00f3crifo de Nipon, Nipon [youtube]_9mXcAA-v6g[\/youtube] V\u00eddeo ap\u00f3crifo de Jesus Neg\u00e3o I [youtube]QZCavb2zo8I[\/youtube] V\u00eddeo ap\u00f3crifo de Jesus Neg\u00e3o II [youtube]z8S-WLTx4kM[\/youtube] V\u00eddeo ap\u00f3crifo de Jesus Neg\u00e3o III [youtube]sWLw7Tu3Urw[\/youtube] V\u00eddeo ap\u00f3crifo &#8230; <span class=\"more\"><a class=\"more-link\" href=\"https:\/\/www.liberaobadaro.com.br\/blob\/?page_id=13\">[Read more&#8230;]<\/a><\/span><\/p>\n","protected":false},"author":1,"featured_media":0,"parent":19,"menu_order":7,"comment_status":"open","ping_status":"closed","template":"","meta":[],"_links":{"self":[{"href":"https:\/\/www.liberaobadaro.com.br\/blob\/index.php?rest_route=\/wp\/v2\/pages\/13"}],"collection":[{"href":"https:\/\/www.liberaobadaro.com.br\/blob\/index.php?rest_route=\/wp\/v2\/pages"}],"about":[{"href":"https:\/\/www.liberaobadaro.com.br\/blob\/index.php?rest_route=\/wp\/v2\/types\/page"}],"author":[{"embeddable":true,"href":"https:\/\/www.liberaobadaro.com.br\/blob\/index.php?rest_route=\/wp\/v2\/users\/1"}],"replies":[{"embeddable":true,"href":"https:\/\/www.liberaobadaro.com.br\/blob\/index.php?rest_route=%2Fwp%2Fv2%2Fcomments&post=13"}],"version-history":[{"count":0,"href":"https:\/\/www.liberaobadaro.com.br\/blob\/index.php?rest_route=\/wp\/v2\/pages\/13\/revisions"}],"up":[{"embeddable":true,"href":"https:\/\/www.liberaobadaro.com.br\/blob\/index.php?rest_route=\/wp\/v2\/pages\/19"}],"wp:attachment":[{"href":"https:\/\/www.liberaobadaro.com.br\/blob\/index.php?rest_route=%2Fwp%2Fv2%2Fmedia&parent=13"}],"curies":[{"name":"wp","href":"https:\/\/api.w.org\/{rel}","templated":true}]}}